ose 20 = -4*c, -3*c + r = 3*o - o. List the prime factors of o.
2, 7
Suppose -4*p - 44 = -u, 0 = 3*u - 3*p + 25 - 184. List the prime factors of u.
2, 7
Let n be (-2)/6*-15 + -3. Suppose 2*l - 16 = -2*l - 4*i, -5*l + 4 = i. Suppose 20 = -l*k + n*k. What are the prime factors of k?
2, 5
Let y = -274 + 451. What are the prime factors of y?
3, 59
Let r(j) = j**2 - j - 3. Let n be -5*(0 + (-3)/5). Let d be r(n). Suppose 2*y - d*a = -a + 50, 5*a = -4*y + 55. List the prime factors of y.
2, 5
Let b(c) = 9*c**2. List the prime factors of b(1).
3
Let c be (-4)/10 - 215/25. What are the prime factors of -1 - c/((-18)/(-56))?
3
What are the prime factors of 72/16*(38 - 0)?
3, 19
Let a(y) = -3*y**2 - 3*y - 2. Let x be a(3). Let u be ((1 - x) + -1)/2. Let r = -8 + u. What are the prime factors of r?
11
Let a(x) = x**3 + 3*x**2 - 5*x - 4. Let o be a(-4). Suppose 12 = 3*h, -2*z - h - 23 + 113 = o. What are the prime factors of z/4 - (-2)/8?
11
Let h(c) be the third derivative of c**4/8 - 2*c**3/3 + c**2. Let l be (-16)/(-56) - 26/(-7). What are the prime factors of h(l)?
2
Let z(v) = 6*v**2. Let y = 3 + -2. List the prime factors of z(y).
2, 3
Let u(n) = -n**3 + 14*n**2 + 17*n + 3. List the prime factors of u(15).
3, 11
Suppose 0 = -5*z + 2*z + 4*r + 134, -3*z = 5*r - 143. What are the prime factors of z?
2, 23
Suppose -2*y = h - 10, h = 3*y - 7*y + 16. Suppose 0 = b + 2*a - 1, -h*a - 4 = b + 5. Let d(f) = -f**3 + 11*f**2 + 2*f - 14. What are the prime factors of d(b)?
2
Let f(t) = 2*t**2 - 3*t. Let b be f(3). Let v = b + -9. Suppose v = k - 2 - 3. List the prime factors of k.
5
Let v be (-15 - -21)*(-2)/(-4). Let w(m) = m**3 - 2*m**2 + 2*m - 3. What are the prime factors of w(v)?
2, 3
List the prime factors of (-294)/(-35) - 4/10.
2
Suppose -3*v + 4*u = -83, 3*v + 3*u - 4*u = 68. Let z = v + 4. List the prime factors of z.
5
Suppose -8*d + 38 = -6*d. What are the prime factors of d?
19
Let u be (-15)/9*-3 - 3. Suppose 11 - 3 = u*j. List the prime factors of j.
2
Let x(s) = 7*s + 19. What are the prime factors of x(5)?
2, 3
Suppose 89 = 5*n - 176. What are the prime factors of n?
53
Let o = 208 + -135. What are the prime factors of o?
73
Let j = 227 - 46. List the prime factors of j.
181
Let t(n) = n**3 + 5*n**2 - 15*n - 1. What are the prime factors of t(-7)?
2, 3
Suppose -5*y + 26 = 6. Suppose -125 = -y*c + 3. List the prime factors of c.
2
Suppose 2*i = -4*y + 2, -3*i - 2*y = -4*i + 5. Let h = -14 + 13. List the prime factors of (-3 - 24)/i*h.
3
Suppose 3*s + 29 = -z - z, 2*z = -2*s - 24. Let x = z - 6. Let o = -8 - x. List the prime factors of o.
5
Suppose 5*p - 110 = -0*p. Suppose 0*y = -4*o - 2*y - 46, -3 = 3*y. Let v = o + p. List the prime factors of v.
11
Suppose d - 2*d = 44. Let q be d/(-3)*45/10. Suppose 9 = 5*f - 5*h - q, 0 = -f - 2*h + 9. List the prime factors of f.
13
Let i = 53 + 5. What are the prime factors of i?
2, 29
Let h = -28 + 16. Let g = -7 - h. Suppose -4*u + 20 + 25 = g*b, -3*b + 3*u = -54. List the prime factors of b.
13
Suppose 3*m + 24 = 6*m - 4*w, -2*m + 16 = -3*w. Suppose -f = -m - 4. Let l = f - -5. List the prime factors of l.
17
Suppose -4*q - 5*k = -954, 3*k + 230 = 3*q - 2*q. What are the prime factors of q?
2, 59
Let a(f) = -13*f**2 + 15*f - 3. Let h(z) = 3*z**2 - 4*z + 1. Let b(d) = 2*a(d) + 9*h(d). Let p be b(6). Suppose -4*w = p - 19. What are the prime factors of w?
2
Let r be 50/18 - 4/(-18). Suppose -r*n = 5*u - 1, 5*n - u - 11 = -0*n. Suppose n*i - 3*i = 4*s + 10, -4*s - 70 = -5*i. List the prime factors of i.
2, 5
Suppose -18 = -4*f - n, -5*f + 2*n + 30 = 7*n. Suppose 2 = 5*w - 3*a - 57, -f*w - 5*a = -25. What are the prime factors of w?
2, 5
Suppose -3*d + 4*d = 1, -3*k - 10 = -4*d. What are the prime factors of -18*(3/2 + k)?
3
What are the prime factors of ((-9)/(-6) + -2)/((-3)/252)?
2, 3, 7
Let t be (-8 + 7)/(2/(-34)). Let u = t + -8. List the prime factors of u.
3
Let k = -15 - -7. Let c = 15 - k. What are the prime factors of c?
23
Let u be (-10)/(42/(-10) - -4). Suppose -2*p - 3*p = -u. List the prime factors of p.
2, 5
Let m(c) = c**3 + 2*c**2 - c + 72. List the prime factors of m(0).
2, 3
Suppose 13 = 2*o - 0*t - t, o - 2*t = 14. Let n = o - 1. Suppose 0 = 2*a - n*a + i + 1, 2*i = -4*a + 16. What are the prime factors of a?
3
Let b be (-1)/4 - (-6)/24. Let r be (-6 - b)/2 + 3. Suppose 2*z + 2*f = -f + 25, r = z + 2*f - 14. List the prime factors of z.
2
List the prime factors of (-4)/(-6) + 196/12.
17
Suppose -31 = -3*k - 76. List the prime factors of (10/(-25))/(3/k).
2
Let w(c) = c - 2*c + 0*c + 1 + 6. Let y(p) = -1. Let z(x) = w(x) + 6*y(x). What are the prime factors of z(-1)?
2
Let y be -6*(-1 - -2)/2. Suppose 2*n = n - 5, 14 = -4*j - 2*n. What are the prime factors of (j/2)/(y/48)?
2
Let g be (10/6)/((-2)/(-6)). Suppose 3*a - g*a + 16 = 0. Suppose 8 = 4*x - a. What are the prime factors of x?
2
Let l = 0 + 2. Suppose -l*m = m - 9. What are the prime factors of m?
3
Let c(w) = -w**3 - w**2 + 10. List the prime factors of c(-6).
2, 5, 19
Suppose -w - 19 = -4*i, 0 = -2*i - 6*w + 4*w + 2. Let m = i - -1. Suppose 4*h - 2*h + m*p - 8 = 0, 16 = 4*h - 4*p. List the prime factors of h.
2
Let g(x) = -x - 4. Suppose q + 2*q = 3*p + 78, -2*q + 47 = -p. Suppose 3*i - 3 = -q. List the prime factors of g(i).
2
Suppose 2*v + 6*d - 16 = 2*d, 2*v - d = 11. Suppose -5*x + 145 = -5*h, v*x - 108 = 2*x + 2*h. What are the prime factors of x?
5
Suppose -3*a - 6 = 0, 2*v + a = 5*a + 284. What are the prime factors of v?
2, 3, 23
Let c(u) = -2*u**2 + 6*u. Let q(f) = -f**2 + f. Suppose 1 = 2*y - 1. Let x(t) = y*q(t) - c(t). List the prime factors of x(6).
2, 3
Let j(p) = 25*p + 41. What are the prime factors of j(8)?
241
Let n(j) = j**3 + 3*j**2 - 2*j + 1. Let y be n(-2). Let k = 18 - y. List the prime factors of k.
3
List the prime factors of (-17544)/(-144) - (-2)/12.
2, 61
List the prime factors of 4/(-8)*-18 - -3.
2, 3
Suppose 2*b = -0*b + 5*s - 5, 5*b - 4*s + 4 = 0. Suppose -5*u - 5 + 20 = b. Suppose n - 13 = -2*d + 3*d, -5*d + 31 = u*n. List the prime factors of n.
2, 3
Suppose -1 = 5*n + 14. Let y be 2 + (-4 + 2 - n). What are the prime factors of (16/y)/((-2)/(-6))?
2
Let f(t) = 2*t**2 - 5*t + 6. Let o be f(4). Let y = 3 + o. Let j = y + -10. List the prime factors of j.
11
Let p = -37 - -53. What are the prime factors of p?
2
List the prime factors of -2*898/(-8)*2 + 2.
11, 41
Suppose -6 = 3*l, -l = -7*f + 3*f + 82. List the prime factors of f.
2, 5
Let b(z) = z**2 - 2*z + 11. List the prime factors of b(10).
7, 13
Let r be ((-3)/((-6)/(-8)))/(-1). Suppose j = 1 + r. Let k = 1 + j. What are the prime factors of k?
2, 3
Let q = -4 - 1. Let u = -1 - q. Let y(w) = -w**3 + 5*w**2 - w - 4. What are the prime factors of y(u)?
2
Suppose 0 = 5*a + k - 0*k - 20, 12 = 3*a + 3*k. Suppose 2*x - a = -0*v - 3*v, 0 = -v. Suppose x*f + 8 = -o, -4*o - f + 2 = -1. List the prime factors of o.
2
Let k(c) = c - 4. Let t be k(6). Suppose -2*r - t*r + 8 = 0. Suppose 2 + r = 2*i. What are the prime factors of i?
2
Let x be 4/(-10) + 34/10. Suppose 0 = 5*p + 4*n - 8 - 10, -x*p = 3*n - 12. Suppose 4 = s + p. List the prime factors of s.
2
Suppose 0 = 3*j - 2*d - 104, 0 = 4*j + 2*d + 66 - 200. Suppose x = -x + j. What are the prime factors of x?
17
Suppose 4*n - 788 = 296. What are the prime factors of n?
271
Suppose -o - 2*h = -329, 0 = 2*h - 1 + 7. What are the prime factors of o?
5, 67
Suppose 4*p - j = 61, 0*p = 2*p - 3*j - 23. Suppose -s + 2*b = -5*s + 32, -5*s = -3*b - 62. Let y = p - s. What are the prime factors of y?
2, 3
Suppose -5*z = 2*x - 124, -2*x + 5*x - 148 = 2*z. What are the prime factors of x?
2, 13
Suppose 22 = 5*n - w, n - 14 = 2*w + 3*w. Suppose -n = -t - t. Suppose -z - t*d + 11 = 0, -2*z + 0*d = 5*d - 24. What are the prime factors of z?
7
Let h be -1 - (-12)/3 - 11. Let r(a) = -a**3 - 8*a**2 + 7. What are the prime factors of r(h)?
7
Let t(h) = -4 - h**2 + 8*h + 4. Let v = 9 - 3. List the prime factors of t(v).
2, 3
Suppose -5*w + 5*s + 205 = 0, w + 2*s - 33 - 5 = 0. Let d be 1 + -1 + 6 + -2. Suppose 0*f + w = d*f. List the prime factors of f.
2, 5
Let i(x) = x**3 + 5*x**2 + x - 2. Let f be i(-4). What are the prime factors of (-4)/f + 582/30?
19
Suppose 207 - 67 = b. Suppose -2*y = 3*y - b. List the prime f